{"id":379613,"date":"2025-01-13T10:17:46","date_gmt":"2025-01-13T10:17:46","guid":{"rendered":"https:\/\/belux.edmo.eu\/education-aux-medias\/outils-educatifs\/understanding-the-news-and-critiquing-information\/"},"modified":"2025-01-15T13:30:29","modified_gmt":"2025-01-15T13:30:29","slug":"understanding-the-news-and-critiquing-information","status":"publish","type":"page","link":"https:\/\/belux.edmo.eu\/fr\/education-aux-medias\/outils-educatifs\/understanding-the-news-and-critiquing-information\/","title":{"rendered":"Appr\u00e9hender l\u2019actu et critiquer l\u2019info"},"content":{"rendered":"<div class=\"wpb-content-wrapper\"><p>[vc_row][vc_column][vc_custom_heading text=\u00a0\u00bbR\u00e9f\u00e9rentiel d&rsquo;outils\u00a0\u00bb font_container=\u00a0\u00bbtag:h2|font_size:22|text_align:left|color:%231a1a3a\u00a0\u00bb use_theme_fonts=\u00a0\u00bbyes\u00a0\u00bb css=\u00a0\u00bb\u00a0\u00bb][vc_separator color=\u00a0\u00bbcustom\u00a0\u00bb align=\u00a0\u00bbalign_left\u00a0\u00bb border_width=\u00a0\u00bb5&Prime; el_width=\u00a0\u00bb10&Prime; css=\u00a0\u00bb.vc_custom_1722596308271{margin-top: -20px !important;margin-bottom: 20px !important;}\u00a0\u00bb accent_color=\u00a0\u00bb#ffcd05&Prime;][vc_column_text css=\u00a0\u00bb\u00a0\u00bb]<\/p>\n<p data-pm-slice=\"0 0 []\">Les m\u00e9dias d\u2019information sont en constante \u00e9volution et sont de plus en plus complexes. Cette \u00e9volution nous pousse \u00e0 nous former constamment pour comprendre la complexit\u00e9 des m\u00e9dias en se familiarisant avec les enjeux de l\u2019actualit\u00e9, des faits et des opinions.<\/p>\n<p>Il existe de nombreux outils efficaces qui peuvent aider enseignants et \u00e9ducateurs \u00e0 rendre les publics critique face \u00e0 la d\u00e9sinformation. Edmo Belux a ressembl\u00e9 des mat\u00e9riaux p\u00e9dagogiques existant, l\u2019a \u00e9valu\u00e9 par un panel de praticiens et s\u00e9lectionn\u00e9 les outils les plus efficaces. Il s\u2019agit des outils ci-dessous, class\u00e9s en cat\u00e9gories\u00a0:<\/p>\n<p>\u00b7\u00a0\u00a0\u00a0\u00a0\u00a0\u00a0\u00a0\u00a0 Eduquer \u00e0 l\u2019actualit\u00e9 et \u00e0 l\u2019information<\/p>\n<p>\u00b7\u00a0\u00a0\u00a0\u00a0\u00a0\u00a0\u00a0\u00a0 Eduquer \u00e0 la d\u00e9sinformation et au fact-checking<\/p>\n<p>\u00b7\u00a0\u00a0\u00a0\u00a0\u00a0\u00a0\u00a0\u00a0 Se forger et partager son opinion[\/vc_column_text][\/vc_column][\/vc_row][vc_row][vc_column][vc_raw_html css=\u00a0\u00bb\u00a0\u00bb]JTVCZWR1Y2F0aW9uYWwtdG9vbHMtYXBwJTIwY2F0ZWdvcmllcyUzRCUyMmxlYXJuaW5nLWFib3V0LW5ld3MtYW5kLWluZm9ybWF0aW9uJTIyJTVE[\/vc_raw_html][\/vc_column][\/vc_row]<\/p>\n<\/div>","protected":false},"excerpt":{"rendered":"<p>[vc_row][vc_column][vc_custom_heading text=\u00a0\u00bbR\u00e9f\u00e9rentiel d&rsquo;outils\u00a0\u00bb font_container=\u00a0\u00bbtag:h2|font_size:22|text_align:left|color:%231a1a3a\u00a0\u00bb use_theme_fonts=\u00a0\u00bbyes\u00a0\u00bb css=\u00a0\u00bb\u00a0\u00bb][vc_separator color=\u00a0\u00bbcustom\u00a0\u00bb align=\u00a0\u00bbalign_left\u00a0\u00bb border_width=\u00a0\u00bb5&Prime; el_width=\u00a0\u00bb10&Prime; css=\u00a0\u00bb.vc_custom_1722596308271{margin-top: -20px !important;margin-bottom: 20px !important;}\u00a0\u00bb accent_color=\u00a0\u00bb#ffcd05&Prime;][vc_column_text css=\u00a0\u00bb\u00a0\u00bb] Les m\u00e9dias d\u2019information&#8230;<\/p>\n","protected":false},"author":14,"featured_media":0,"parent":242689,"menu_order":0,"comment_status":"closed","ping_status":"closed","template":"","meta":{"_acf_changed":false,"footnotes":""},"class_list":["post-379613","page","type-page","status-publish"],"acf":[],"yoast_head":"<!-- This site is optimized with the Yoast SEO plugin v27.0 - https:\/\/yoast.com\/product\/yoast-seo-wordpress\/ -->\n<title>Appr\u00e9hender l\u2019actu et critiquer l\u2019info - EDMO Belux<\/title>\n<meta name=\"robots\" content=\"index, follow, max-snippet:-1, max-image-preview:large, max-video-preview:-1\" \/>\n<link rel=\"canonical\" href=\"https:\/\/belux.edmo.eu\/fr\/education-aux-medias\/outils-educatifs\/understanding-the-news-and-critiquing-information\/\" \/>\n<meta property=\"og:locale\" content=\"fr_FR\" \/>\n<meta property=\"og:type\" content=\"article\" \/>\n<meta property=\"og:title\" content=\"Appr\u00e9hender l\u2019actu et critiquer l\u2019info - EDMO Belux\" \/>\n<meta property=\"og:description\" content=\"[vc_row][vc_column][vc_custom_heading text=\u00a0\u00bbR\u00e9f\u00e9rentiel d&rsquo;outils\u00a0\u00bb font_container=\u00a0\u00bbtag:h2|font_size:22|text_align:left|color:%231a1a3a\u00a0\u00bb use_theme_fonts=\u00a0\u00bbyes\u00a0\u00bb css=\u00a0\u00bb\u00a0\u00bb][vc_separator color=\u00a0\u00bbcustom\u00a0\u00bb align=\u00a0\u00bbalign_left\u00a0\u00bb border_width=\u00a0\u00bb5&Prime; el_width=\u00a0\u00bb10&Prime; css=\u00a0\u00bb.vc_custom_1722596308271{margin-top: -20px !important;margin-bottom: 20px !important;}\u00a0\u00bb accent_color=\u00a0\u00bb#ffcd05&Prime;][vc_column_text css=\u00a0\u00bb\u00a0\u00bb] Les m\u00e9dias d\u2019information...\" \/>\n<meta property=\"og:url\" content=\"https:\/\/belux.edmo.eu\/fr\/education-aux-medias\/outils-educatifs\/understanding-the-news-and-critiquing-information\/\" \/>\n<meta property=\"og:site_name\" content=\"EDMO Belux\" \/>\n<meta property=\"article:modified_time\" content=\"2025-01-15T13:30:29+00:00\" \/>\n<meta name=\"twitter:card\" content=\"summary_large_image\" \/>\n<meta name=\"twitter:site\" content=\"@Edmo_Belux\" \/>\n<meta name=\"twitter:label1\" content=\"Dur\u00e9e de lecture estim\u00e9e\" \/>\n\t<meta name=\"twitter:data1\" content=\"1 minute\" \/>\n<script type=\"application\/ld+json\" class=\"yoast-schema-graph\">{\"@context\":\"https:\/\/schema.org\",\"@graph\":[{\"@type\":\"WebPage\",\"@id\":\"https:\/\/belux.edmo.eu\/fr\/education-aux-medias\/outils-educatifs\/understanding-the-news-and-critiquing-information\/\",\"url\":\"https:\/\/belux.edmo.eu\/fr\/education-aux-medias\/outils-educatifs\/understanding-the-news-and-critiquing-information\/\",\"name\":\"Appr\u00e9hender l\u2019actu et critiquer l\u2019info - EDMO Belux\",\"isPartOf\":{\"@id\":\"https:\/\/belux.edmo.eu\/#website\"},\"datePublished\":\"2025-01-13T10:17:46+00:00\",\"dateModified\":\"2025-01-15T13:30:29+00:00\",\"breadcrumb\":{\"@id\":\"https:\/\/belux.edmo.eu\/fr\/education-aux-medias\/outils-educatifs\/understanding-the-news-and-critiquing-information\/#breadcrumb\"},\"inLanguage\":\"fr-FR\",\"potentialAction\":[{\"@type\":\"ReadAction\",\"target\":[\"https:\/\/belux.edmo.eu\/fr\/education-aux-medias\/outils-educatifs\/understanding-the-news-and-critiquing-information\/\"]}]},{\"@type\":\"BreadcrumbList\",\"@id\":\"https:\/\/belux.edmo.eu\/fr\/education-aux-medias\/outils-educatifs\/understanding-the-news-and-critiquing-information\/#breadcrumb\",\"itemListElement\":[{\"@type\":\"ListItem\",\"position\":1,\"name\":\"Home\",\"item\":\"https:\/\/belux.edmo.eu\/fr\/\"},{\"@type\":\"ListItem\",\"position\":2,\"name\":\"\u00c9ducation aux m\u00e9dias\",\"item\":\"https:\/\/belux.edmo.eu\/fr\/education-aux-medias\/\"},{\"@type\":\"ListItem\",\"position\":3,\"name\":\"Outils p\u00e9dagogiques\",\"item\":\"https:\/\/belux.edmo.eu\/fr\/?page_id=242689\"},{\"@type\":\"ListItem\",\"position\":4,\"name\":\"Appr\u00e9hender l\u2019actu et critiquer l\u2019info\"}]},{\"@type\":\"WebSite\",\"@id\":\"https:\/\/belux.edmo.eu\/#website\",\"url\":\"https:\/\/belux.edmo.eu\/\",\"name\":\"EDMO Belux\",\"description\":\"Monitoring Disinformation in Belgium and Luxembourg\",\"publisher\":{\"@id\":\"https:\/\/belux.edmo.eu\/#organization\"},\"potentialAction\":[{\"@type\":\"SearchAction\",\"target\":{\"@type\":\"EntryPoint\",\"urlTemplate\":\"https:\/\/belux.edmo.eu\/?s={search_term_string}\"},\"query-input\":{\"@type\":\"PropertyValueSpecification\",\"valueRequired\":true,\"valueName\":\"search_term_string\"}}],\"inLanguage\":\"fr-FR\"},{\"@type\":\"Organization\",\"@id\":\"https:\/\/belux.edmo.eu\/#organization\",\"name\":\"EDMO Belux\",\"url\":\"https:\/\/belux.edmo.eu\/\",\"logo\":{\"@type\":\"ImageObject\",\"inLanguage\":\"fr-FR\",\"@id\":\"https:\/\/belux.edmo.eu\/#\/schema\/logo\/image\/\",\"url\":\"https:\/\/belux.edmo.eu\/wp-content\/uploads\/2021\/12\/belux-logo-full-color-rgb.svg\",\"contentUrl\":\"https:\/\/belux.edmo.eu\/wp-content\/uploads\/2021\/12\/belux-logo-full-color-rgb.svg\",\"width\":1,\"height\":1,\"caption\":\"EDMO Belux\"},\"image\":{\"@id\":\"https:\/\/belux.edmo.eu\/#\/schema\/logo\/image\/\"},\"sameAs\":[\"https:\/\/x.com\/Edmo_Belux\"]}]}<\/script>\n<!-- \/ Yoast SEO plugin. -->","yoast_head_json":{"title":"Appr\u00e9hender l\u2019actu et critiquer l\u2019info - EDMO Belux","robots":{"index":"index","follow":"follow","max-snippet":"max-snippet:-1","max-image-preview":"max-image-preview:large","max-video-preview":"max-video-preview:-1"},"canonical":"https:\/\/belux.edmo.eu\/fr\/education-aux-medias\/outils-educatifs\/understanding-the-news-and-critiquing-information\/","og_locale":"fr_FR","og_type":"article","og_title":"Appr\u00e9hender l\u2019actu et critiquer l\u2019info - EDMO Belux","og_description":"[vc_row][vc_column][vc_custom_heading text=\u00a0\u00bbR\u00e9f\u00e9rentiel d&rsquo;outils\u00a0\u00bb font_container=\u00a0\u00bbtag:h2|font_size:22|text_align:left|color:%231a1a3a\u00a0\u00bb use_theme_fonts=\u00a0\u00bbyes\u00a0\u00bb css=\u00a0\u00bb\u00a0\u00bb][vc_separator color=\u00a0\u00bbcustom\u00a0\u00bb align=\u00a0\u00bbalign_left\u00a0\u00bb border_width=\u00a0\u00bb5&Prime; el_width=\u00a0\u00bb10&Prime; css=\u00a0\u00bb.vc_custom_1722596308271{margin-top: -20px !important;margin-bottom: 20px !important;}\u00a0\u00bb accent_color=\u00a0\u00bb#ffcd05&Prime;][vc_column_text css=\u00a0\u00bb\u00a0\u00bb] Les m\u00e9dias d\u2019information...","og_url":"https:\/\/belux.edmo.eu\/fr\/education-aux-medias\/outils-educatifs\/understanding-the-news-and-critiquing-information\/","og_site_name":"EDMO Belux","article_modified_time":"2025-01-15T13:30:29+00:00","twitter_card":"summary_large_image","twitter_site":"@Edmo_Belux","twitter_misc":{"Dur\u00e9e de lecture estim\u00e9e":"1 minute"},"schema":{"@context":"https:\/\/schema.org","@graph":[{"@type":"WebPage","@id":"https:\/\/belux.edmo.eu\/fr\/education-aux-medias\/outils-educatifs\/understanding-the-news-and-critiquing-information\/","url":"https:\/\/belux.edmo.eu\/fr\/education-aux-medias\/outils-educatifs\/understanding-the-news-and-critiquing-information\/","name":"Appr\u00e9hender l\u2019actu et critiquer l\u2019info - EDMO Belux","isPartOf":{"@id":"https:\/\/belux.edmo.eu\/#website"},"datePublished":"2025-01-13T10:17:46+00:00","dateModified":"2025-01-15T13:30:29+00:00","breadcrumb":{"@id":"https:\/\/belux.edmo.eu\/fr\/education-aux-medias\/outils-educatifs\/understanding-the-news-and-critiquing-information\/#breadcrumb"},"inLanguage":"fr-FR","potentialAction":[{"@type":"ReadAction","target":["https:\/\/belux.edmo.eu\/fr\/education-aux-medias\/outils-educatifs\/understanding-the-news-and-critiquing-information\/"]}]},{"@type":"BreadcrumbList","@id":"https:\/\/belux.edmo.eu\/fr\/education-aux-medias\/outils-educatifs\/understanding-the-news-and-critiquing-information\/#breadcrumb","itemListElement":[{"@type":"ListItem","position":1,"name":"Home","item":"https:\/\/belux.edmo.eu\/fr\/"},{"@type":"ListItem","position":2,"name":"\u00c9ducation aux m\u00e9dias","item":"https:\/\/belux.edmo.eu\/fr\/education-aux-medias\/"},{"@type":"ListItem","position":3,"name":"Outils p\u00e9dagogiques","item":"https:\/\/belux.edmo.eu\/fr\/?page_id=242689"},{"@type":"ListItem","position":4,"name":"Appr\u00e9hender l\u2019actu et critiquer l\u2019info"}]},{"@type":"WebSite","@id":"https:\/\/belux.edmo.eu\/#website","url":"https:\/\/belux.edmo.eu\/","name":"EDMO Belux","description":"Monitoring Disinformation in Belgium and Luxembourg","publisher":{"@id":"https:\/\/belux.edmo.eu\/#organization"},"potentialAction":[{"@type":"SearchAction","target":{"@type":"EntryPoint","urlTemplate":"https:\/\/belux.edmo.eu\/?s={search_term_string}"},"query-input":{"@type":"PropertyValueSpecification","valueRequired":true,"valueName":"search_term_string"}}],"inLanguage":"fr-FR"},{"@type":"Organization","@id":"https:\/\/belux.edmo.eu\/#organization","name":"EDMO Belux","url":"https:\/\/belux.edmo.eu\/","logo":{"@type":"ImageObject","inLanguage":"fr-FR","@id":"https:\/\/belux.edmo.eu\/#\/schema\/logo\/image\/","url":"https:\/\/belux.edmo.eu\/wp-content\/uploads\/2021\/12\/belux-logo-full-color-rgb.svg","contentUrl":"https:\/\/belux.edmo.eu\/wp-content\/uploads\/2021\/12\/belux-logo-full-color-rgb.svg","width":1,"height":1,"caption":"EDMO Belux"},"image":{"@id":"https:\/\/belux.edmo.eu\/#\/schema\/logo\/image\/"},"sameAs":["https:\/\/x.com\/Edmo_Belux"]}]}},"_links":{"self":[{"href":"https:\/\/belux.edmo.eu\/fr\/wp-json\/wp\/v2\/pages\/379613","targetHints":{"allow":["GET"]}}],"collection":[{"href":"https:\/\/belux.edmo.eu\/fr\/wp-json\/wp\/v2\/pages"}],"about":[{"href":"https:\/\/belux.edmo.eu\/fr\/wp-json\/wp\/v2\/types\/page"}],"author":[{"embeddable":true,"href":"https:\/\/belux.edmo.eu\/fr\/wp-json\/wp\/v2\/users\/14"}],"replies":[{"embeddable":true,"href":"https:\/\/belux.edmo.eu\/fr\/wp-json\/wp\/v2\/comments?post=379613"}],"version-history":[{"count":0,"href":"https:\/\/belux.edmo.eu\/fr\/wp-json\/wp\/v2\/pages\/379613\/revisions"}],"up":[{"embeddable":true,"href":"https:\/\/belux.edmo.eu\/fr\/wp-json\/wp\/v2\/pages\/242689"}],"wp:attachment":[{"href":"https:\/\/belux.edmo.eu\/fr\/wp-json\/wp\/v2\/media?parent=379613"}],"curies":[{"name":"wp","href":"https:\/\/api.w.org\/{rel}","templated":true}]}}

Appréhender l’actu et critiquer l’info

<div class="wpb-content-wrapper"><p>[vc_row][vc_column][vc_custom_heading text= »Référentiel d&rsquo;outils » font_container= »tag:h2|font_size:22|text_align:left|color:%231a1a3a » use_theme_fonts= »yes » css= » »][vc_separator color= »custom » align= »align_left » border_width= »5&Prime; el_width= »10&Prime; css= ».vc_custom_1722596308271{margin-top: -20px !important;margin-bottom: 20px !important;} » accent_color= »#ffcd05&Prime;][vc_column_text css= » »]</p>
<p data-pm-slice="0 0 []">Les médias d’information sont en constante évolution et sont de plus en plus complexes. Cette évolution nous pousse à nous former constamment pour comprendre la complexité des médias en se familiarisant avec les enjeux de l’actualité, des faits et des opinions.</p>
<p>Il existe de nombreux outils efficaces qui peuvent aider enseignants et éducateurs à rendre les publics critique face à la désinformation. Edmo Belux a ressemblé des matériaux pédagogiques existant, l’a évalué par un panel de praticiens et sélectionné les outils les plus efficaces. Il s’agit des outils ci-dessous, classés en catégories :</p>
<p>·         Eduquer à l’actualité et à l’information</p>
<p>·         Eduquer à la désinformation et au fact-checking</p>
<p>·         Se forger et partager son opinion[/vc_column_text][/vc_column][/vc_row][vc_row][vc_column][vc_raw_html css= » »]JTVCZWR1Y2F0aW9uYWwtdG9vbHMtYXBwJTIwY2F0ZWdvcmllcyUzRCUyMmxlYXJuaW5nLWFib3V0LW5ld3MtYW5kLWluZm9ybWF0aW9uJTIyJTVE[/vc_raw_html][/vc_column][/vc_row]</p>
</div>

<p>[vc_row][vc_column][vc_custom_heading text= »Référentiel d&rsquo;outils » font_container= »tag:h2|font_size:22|text_align:left|color:%231a1a3a » use_theme_fonts= »yes » css= » »][vc_separator color= »custom » align= »align_left » border_width= »5&Prime; el_width= »10&Prime; css= ».vc_custom_1722596308271{margin-top: -20px !important;margin-bottom: 20px !important;} » accent_color= »#ffcd05&Prime;][vc_column_text css= » »] Les médias d’information&#8230;</p>

<!-- This site is optimized with the Yoast SEO plugin v27.0 - https://yoast.com/product/yoast-seo-wordpress/ -->
<title>Appréhender l’actu et critiquer l’info - EDMO Belux</title>
<meta name="robots" content="index, follow, max-snippet:-1, max-image-preview:large, max-video-preview:-1" />
<link rel="canonical" href="https://belux.edmo.eu/fr/education-aux-medias/outils-educatifs/understanding-the-news-and-critiquing-information/" />
<meta property="og:locale" content="fr_FR" />
<meta property="og:type" content="article" />
<meta property="og:title" content="Appréhender l’actu et critiquer l’info - EDMO Belux" />
<meta property="og:description" content="[vc_row][vc_column][vc_custom_heading text= »Référentiel d&rsquo;outils » font_container= »tag:h2|font_size:22|text_align:left|color:%231a1a3a » use_theme_fonts= »yes » css= » »][vc_separator color= »custom » align= »align_left » border_width= »5&Prime; el_width= »10&Prime; css= ».vc_custom_1722596308271{margin-top: -20px !important;margin-bottom: 20px !important;} » accent_color= »#ffcd05&Prime;][vc_column_text css= » »] Les médias d’information..." />
<meta property="og:url" content="https://belux.edmo.eu/fr/education-aux-medias/outils-educatifs/understanding-the-news-and-critiquing-information/" />
<meta property="og:site_name" content="EDMO Belux" />
<meta property="article:modified_time" content="2025-01-15T13:30:29+00:00" />
<meta name="twitter:card" content="summary_large_image" />
<meta name="twitter:site" content="@Edmo_Belux" />
<meta name="twitter:label1" content="Durée de lecture estimée" />
	<meta name="twitter:data1" content="1 minute" />
<script type="application/ld+json" class="yoast-schema-graph">{"@context":"https://schema.org","@graph":[{"@type":"WebPage","@id":"https://belux.edmo.eu/fr/education-aux-medias/outils-educatifs/understanding-the-news-and-critiquing-information/","url":"https://belux.edmo.eu/fr/education-aux-medias/outils-educatifs/understanding-the-news-and-critiquing-information/","name":"Appréhender l’actu et critiquer l’info - EDMO Belux","isPartOf":{"@id":"https://belux.edmo.eu/#website"},"datePublished":"2025-01-13T10:17:46+00:00","dateModified":"2025-01-15T13:30:29+00:00","breadcrumb":{"@id":"https://belux.edmo.eu/fr/education-aux-medias/outils-educatifs/understanding-the-news-and-critiquing-information/#breadcrumb"},"inLanguage":"fr-FR","potentialAction":[{"@type":"ReadAction","target":["https://belux.edmo.eu/fr/education-aux-medias/outils-educatifs/understanding-the-news-and-critiquing-information/"]}]},{"@type":"BreadcrumbList","@id":"https://belux.edmo.eu/fr/education-aux-medias/outils-educatifs/understanding-the-news-and-critiquing-information/#breadcrumb","itemListElement":[{"@type":"ListItem","position":1,"name":"Home","item":"https://belux.edmo.eu/fr/"},{"@type":"ListItem","position":2,"name":"Éducation aux médias","item":"https://belux.edmo.eu/fr/education-aux-medias/"},{"@type":"ListItem","position":3,"name":"Outils pédagogiques","item":"https://belux.edmo.eu/fr/?page_id=242689"},{"@type":"ListItem","position":4,"name":"Appréhender l’actu et critiquer l’info"}]},{"@type":"WebSite","@id":"https://belux.edmo.eu/#website","url":"https://belux.edmo.eu/","name":"EDMO Belux","description":"Monitoring Disinformation in Belgium and Luxembourg","publisher":{"@id":"https://belux.edmo.eu/#organization"},"potentialAction":[{"@type":"SearchAction","target":{"@type":"EntryPoint","urlTemplate":"https://belux.edmo.eu/?s={search_term_string}"},"query-input":{"@type":"PropertyValueSpecification","valueRequired":true,"valueName":"search_term_string"}}],"inLanguage":"fr-FR"},{"@type":"Organization","@id":"https://belux.edmo.eu/#organization","name":"EDMO Belux","url":"https://belux.edmo.eu/","logo":{"@type":"ImageObject","inLanguage":"fr-FR","@id":"https://belux.edmo.eu/#/schema/logo/image/","url":"https://belux.edmo.eu/wp-content/uploads/2021/12/belux-logo-full-color-rgb.svg","contentUrl":"https://belux.edmo.eu/wp-content/uploads/2021/12/belux-logo-full-color-rgb.svg","width":1,"height":1,"caption":"EDMO Belux"},"image":{"@id":"https://belux.edmo.eu/#/schema/logo/image/"},"sameAs":["https://x.com/Edmo_Belux"]}]}</script>
<!-- / Yoast SEO plugin. -->

Appréhender l’actu et critiquer l’info - EDMO Belux

[vc_row][vc_column][vc_custom_heading text= »Référentiel d&rsquo;outils » font_container= »tag:h2|font_size:22|text_align:left|color:%231a1a3a » use_theme_fonts= »yes » css= » »][vc_separator color= »custom » align= »align_left » border_width= »5&Prime; el_width= »10&Prime; css= ».vc_custom_1722596308271{margin-top: -20px !important;margin-bottom: 20px !important;} » accent_color= »#ffcd05&Prime;][vc_column_text css= » »] Les médias d’information...

Éducation aux médias

Outils pédagogiques
