{"id":509297,"date":"2026-03-02T11:23:07","date_gmt":"2026-03-02T11:23:07","guid":{"rendered":"https:\/\/belux.edmo.eu\/tools\/10-the-anti-evras-scandal-understanding-reactionary-communication\/"},"modified":"2026-03-05T10:24:15","modified_gmt":"2026-03-05T10:24:15","slug":"10-the-anti-evras-scandal-understanding-reactionary-communication","status":"publish","type":"tools","link":"https:\/\/belux.edmo.eu\/fr\/tools\/10-the-anti-evras-scandal-understanding-reactionary-communication\/","title":{"rendered":"#10 L\u2019esclandre anti-EVRAS : comprendre la communication r\u00e9actionnaire"},"content":{"rendered":"<div class=\"wpb-content-wrapper\"><p>[vc_row][vc_column][vc_column_text css=\u00a0\u00bb\u00a0\u00bb]En septembre 2023, un accord de coop\u00e9ration sur l\u2019EVRAS (l\u2019\u00e9ducation \u00e0 la vie affective relationnelle et sexuelle) dans l\u2019enseignement obligatoire entre en vigueur. Suite \u00e0 l\u2019adoption de ce texte de nombreuses fausses informations, inqui\u00e9tudes et paniques ont circul\u00e9 sur WhatsApp et d\u2019autres r\u00e9seaux sociaux. Face \u00e0 ces lectures r\u00e9actionnaires (bas\u00e9es sur des lectures biais\u00e9es), comment s\u2019est organis\u00e9e la communication en ligne et hors-ligne de ces groupes hostiles \u00e0 ce texte ?[\/vc_column_text][\/vc_column][\/vc_row]<\/p>\n<\/div>","protected":false},"featured_media":509298,"parent":0,"template":"","meta":{"_acf_changed":false},"class_list":["post-509297","tools","type-tools","status-publish","has-post-thumbnail"],"acf":{"subtitle":"D\u00e9sinfo \u00c9duc","disclaimer":"","tool_link":"https:\/\/desinfo.education\/outil\/lesclandre-anti-evras-comprendre-la-communication-reactionnaire-10\/"},"yoast_head":"<!-- This site is optimized with the Yoast SEO plugin v27.0 - https:\/\/yoast.com\/product\/yoast-seo-wordpress\/ -->\n<title>#10 L\u2019esclandre anti-EVRAS : comprendre la communication r\u00e9actionnaire - EDMO Belux<\/title>\n<meta name=\"robots\" content=\"index, follow, max-snippet:-1, max-image-preview:large, max-video-preview:-1\" \/>\n<link rel=\"canonical\" href=\"https:\/\/belux.edmo.eu\/fr\/tools\/10-the-anti-evras-scandal-understanding-reactionary-communication\/\" \/>\n<meta property=\"og:locale\" content=\"fr_FR\" \/>\n<meta property=\"og:type\" content=\"article\" \/>\n<meta property=\"og:title\" content=\"#10 L\u2019esclandre anti-EVRAS : comprendre la communication r\u00e9actionnaire - EDMO Belux\" \/>\n<meta property=\"og:description\" content=\"[vc_row][vc_column][vc_column_text css=\u00a0\u00bb\u00a0\u00bb]En septembre 2023, un accord de coop\u00e9ration sur l\u2019EVRAS (l\u2019\u00e9ducation \u00e0 la vie affective relationnelle et sexuelle) dans l\u2019enseignement...\" \/>\n<meta property=\"og:url\" content=\"https:\/\/belux.edmo.eu\/fr\/tools\/10-the-anti-evras-scandal-understanding-reactionary-communication\/\" \/>\n<meta property=\"og:site_name\" content=\"EDMO Belux\" \/>\n<meta property=\"article:modified_time\" content=\"2026-03-05T10:24:15+00:00\" \/>\n<meta property=\"og:image\" content=\"https:\/\/belux-edmo.s3-accelerate.amazonaws.com\/wp-content\/uploads\/2026\/03\/rZlDR2dx-10-anti-evras.jpg\" \/>\n\t<meta property=\"og:image:width\" content=\"800\" \/>\n\t<meta property=\"og:image:height\" content=\"800\" \/>\n\t<meta property=\"og:image:type\" content=\"image\/jpeg\" \/>\n<meta name=\"twitter:card\" content=\"summary_large_image\" \/>\n<meta name=\"twitter:site\" content=\"@Edmo_Belux\" \/>\n<meta name=\"twitter:label1\" content=\"Dur\u00e9e de lecture estim\u00e9e\" \/>\n\t<meta name=\"twitter:data1\" content=\"1 minute\" \/>\n<script type=\"application\/ld+json\" class=\"yoast-schema-graph\">{\"@context\":\"https:\/\/schema.org\",\"@graph\":[{\"@type\":\"WebPage\",\"@id\":\"https:\/\/belux.edmo.eu\/fr\/tools\/10-the-anti-evras-scandal-understanding-reactionary-communication\/\",\"url\":\"https:\/\/belux.edmo.eu\/fr\/tools\/10-the-anti-evras-scandal-understanding-reactionary-communication\/\",\"name\":\"#10 L\u2019esclandre anti-EVRAS : comprendre la communication r\u00e9actionnaire - EDMO Belux\",\"isPartOf\":{\"@id\":\"https:\/\/belux.edmo.eu\/#website\"},\"primaryImageOfPage\":{\"@id\":\"https:\/\/belux.edmo.eu\/fr\/tools\/10-the-anti-evras-scandal-understanding-reactionary-communication\/#primaryimage\"},\"image\":{\"@id\":\"https:\/\/belux.edmo.eu\/fr\/tools\/10-the-anti-evras-scandal-understanding-reactionary-communication\/#primaryimage\"},\"thumbnailUrl\":\"https:\/\/belux-edmo.s3-accelerate.amazonaws.com\/wp-content\/uploads\/2026\/03\/rZlDR2dx-10-anti-evras.jpg\",\"datePublished\":\"2026-03-02T11:23:07+00:00\",\"dateModified\":\"2026-03-05T10:24:15+00:00\",\"breadcrumb\":{\"@id\":\"https:\/\/belux.edmo.eu\/fr\/tools\/10-the-anti-evras-scandal-understanding-reactionary-communication\/#breadcrumb\"},\"inLanguage\":\"fr-FR\",\"potentialAction\":[{\"@type\":\"ReadAction\",\"target\":[\"https:\/\/belux.edmo.eu\/fr\/tools\/10-the-anti-evras-scandal-understanding-reactionary-communication\/\"]}]},{\"@type\":\"ImageObject\",\"inLanguage\":\"fr-FR\",\"@id\":\"https:\/\/belux.edmo.eu\/fr\/tools\/10-the-anti-evras-scandal-understanding-reactionary-communication\/#primaryimage\",\"url\":\"https:\/\/belux-edmo.s3-accelerate.amazonaws.com\/wp-content\/uploads\/2026\/03\/rZlDR2dx-10-anti-evras.jpg\",\"contentUrl\":\"https:\/\/belux-edmo.s3-accelerate.amazonaws.com\/wp-content\/uploads\/2026\/03\/rZlDR2dx-10-anti-evras.jpg\",\"width\":800,\"height\":800},{\"@type\":\"BreadcrumbList\",\"@id\":\"https:\/\/belux.edmo.eu\/fr\/tools\/10-the-anti-evras-scandal-understanding-reactionary-communication\/#breadcrumb\",\"itemListElement\":[{\"@type\":\"ListItem\",\"position\":1,\"name\":\"Home\",\"item\":\"https:\/\/belux.edmo.eu\/fr\/\"},{\"@type\":\"ListItem\",\"position\":2,\"name\":\"#10 L\u2019esclandre anti-EVRAS : comprendre la communication r\u00e9actionnaire\"}]},{\"@type\":\"WebSite\",\"@id\":\"https:\/\/belux.edmo.eu\/#website\",\"url\":\"https:\/\/belux.edmo.eu\/\",\"name\":\"EDMO Belux\",\"description\":\"Monitoring Disinformation in Belgium and Luxembourg\",\"publisher\":{\"@id\":\"https:\/\/belux.edmo.eu\/#organization\"},\"potentialAction\":[{\"@type\":\"SearchAction\",\"target\":{\"@type\":\"EntryPoint\",\"urlTemplate\":\"https:\/\/belux.edmo.eu\/?s={search_term_string}\"},\"query-input\":{\"@type\":\"PropertyValueSpecification\",\"valueRequired\":true,\"valueName\":\"search_term_string\"}}],\"inLanguage\":\"fr-FR\"},{\"@type\":\"Organization\",\"@id\":\"https:\/\/belux.edmo.eu\/#organization\",\"name\":\"EDMO Belux\",\"url\":\"https:\/\/belux.edmo.eu\/\",\"logo\":{\"@type\":\"ImageObject\",\"inLanguage\":\"fr-FR\",\"@id\":\"https:\/\/belux.edmo.eu\/#\/schema\/logo\/image\/\",\"url\":\"https:\/\/belux.edmo.eu\/wp-content\/uploads\/2021\/12\/belux-logo-full-color-rgb.svg\",\"contentUrl\":\"https:\/\/belux.edmo.eu\/wp-content\/uploads\/2021\/12\/belux-logo-full-color-rgb.svg\",\"width\":1,\"height\":1,\"caption\":\"EDMO Belux\"},\"image\":{\"@id\":\"https:\/\/belux.edmo.eu\/#\/schema\/logo\/image\/\"},\"sameAs\":[\"https:\/\/x.com\/Edmo_Belux\"]}]}<\/script>\n<!-- \/ Yoast SEO plugin. -->","yoast_head_json":{"title":"#10 L\u2019esclandre anti-EVRAS : comprendre la communication r\u00e9actionnaire - EDMO Belux","robots":{"index":"index","follow":"follow","max-snippet":"max-snippet:-1","max-image-preview":"max-image-preview:large","max-video-preview":"max-video-preview:-1"},"canonical":"https:\/\/belux.edmo.eu\/fr\/tools\/10-the-anti-evras-scandal-understanding-reactionary-communication\/","og_locale":"fr_FR","og_type":"article","og_title":"#10 L\u2019esclandre anti-EVRAS : comprendre la communication r\u00e9actionnaire - EDMO Belux","og_description":"[vc_row][vc_column][vc_column_text css=\u00a0\u00bb\u00a0\u00bb]En septembre 2023, un accord de coop\u00e9ration sur l\u2019EVRAS (l\u2019\u00e9ducation \u00e0 la vie affective relationnelle et sexuelle) dans l\u2019enseignement...","og_url":"https:\/\/belux.edmo.eu\/fr\/tools\/10-the-anti-evras-scandal-understanding-reactionary-communication\/","og_site_name":"EDMO Belux","article_modified_time":"2026-03-05T10:24:15+00:00","og_image":[{"width":800,"height":800,"url":"https:\/\/belux-edmo.s3-accelerate.amazonaws.com\/wp-content\/uploads\/2026\/03\/rZlDR2dx-10-anti-evras.jpg","type":"image\/jpeg"}],"twitter_card":"summary_large_image","twitter_site":"@Edmo_Belux","twitter_misc":{"Dur\u00e9e de lecture estim\u00e9e":"1 minute"},"schema":{"@context":"https:\/\/schema.org","@graph":[{"@type":"WebPage","@id":"https:\/\/belux.edmo.eu\/fr\/tools\/10-the-anti-evras-scandal-understanding-reactionary-communication\/","url":"https:\/\/belux.edmo.eu\/fr\/tools\/10-the-anti-evras-scandal-understanding-reactionary-communication\/","name":"#10 L\u2019esclandre anti-EVRAS : comprendre la communication r\u00e9actionnaire - EDMO Belux","isPartOf":{"@id":"https:\/\/belux.edmo.eu\/#website"},"primaryImageOfPage":{"@id":"https:\/\/belux.edmo.eu\/fr\/tools\/10-the-anti-evras-scandal-understanding-reactionary-communication\/#primaryimage"},"image":{"@id":"https:\/\/belux.edmo.eu\/fr\/tools\/10-the-anti-evras-scandal-understanding-reactionary-communication\/#primaryimage"},"thumbnailUrl":"https:\/\/belux-edmo.s3-accelerate.amazonaws.com\/wp-content\/uploads\/2026\/03\/rZlDR2dx-10-anti-evras.jpg","datePublished":"2026-03-02T11:23:07+00:00","dateModified":"2026-03-05T10:24:15+00:00","breadcrumb":{"@id":"https:\/\/belux.edmo.eu\/fr\/tools\/10-the-anti-evras-scandal-understanding-reactionary-communication\/#breadcrumb"},"inLanguage":"fr-FR","potentialAction":[{"@type":"ReadAction","target":["https:\/\/belux.edmo.eu\/fr\/tools\/10-the-anti-evras-scandal-understanding-reactionary-communication\/"]}]},{"@type":"ImageObject","inLanguage":"fr-FR","@id":"https:\/\/belux.edmo.eu\/fr\/tools\/10-the-anti-evras-scandal-understanding-reactionary-communication\/#primaryimage","url":"https:\/\/belux-edmo.s3-accelerate.amazonaws.com\/wp-content\/uploads\/2026\/03\/rZlDR2dx-10-anti-evras.jpg","contentUrl":"https:\/\/belux-edmo.s3-accelerate.amazonaws.com\/wp-content\/uploads\/2026\/03\/rZlDR2dx-10-anti-evras.jpg","width":800,"height":800},{"@type":"BreadcrumbList","@id":"https:\/\/belux.edmo.eu\/fr\/tools\/10-the-anti-evras-scandal-understanding-reactionary-communication\/#breadcrumb","itemListElement":[{"@type":"ListItem","position":1,"name":"Home","item":"https:\/\/belux.edmo.eu\/fr\/"},{"@type":"ListItem","position":2,"name":"#10 L\u2019esclandre anti-EVRAS : comprendre la communication r\u00e9actionnaire"}]},{"@type":"WebSite","@id":"https:\/\/belux.edmo.eu\/#website","url":"https:\/\/belux.edmo.eu\/","name":"EDMO Belux","description":"Monitoring Disinformation in Belgium and Luxembourg","publisher":{"@id":"https:\/\/belux.edmo.eu\/#organization"},"potentialAction":[{"@type":"SearchAction","target":{"@type":"EntryPoint","urlTemplate":"https:\/\/belux.edmo.eu\/?s={search_term_string}"},"query-input":{"@type":"PropertyValueSpecification","valueRequired":true,"valueName":"search_term_string"}}],"inLanguage":"fr-FR"},{"@type":"Organization","@id":"https:\/\/belux.edmo.eu\/#organization","name":"EDMO Belux","url":"https:\/\/belux.edmo.eu\/","logo":{"@type":"ImageObject","inLanguage":"fr-FR","@id":"https:\/\/belux.edmo.eu\/#\/schema\/logo\/image\/","url":"https:\/\/belux.edmo.eu\/wp-content\/uploads\/2021\/12\/belux-logo-full-color-rgb.svg","contentUrl":"https:\/\/belux.edmo.eu\/wp-content\/uploads\/2021\/12\/belux-logo-full-color-rgb.svg","width":1,"height":1,"caption":"EDMO Belux"},"image":{"@id":"https:\/\/belux.edmo.eu\/#\/schema\/logo\/image\/"},"sameAs":["https:\/\/x.com\/Edmo_Belux"]}]}},"_links":{"self":[{"href":"https:\/\/belux.edmo.eu\/fr\/wp-json\/wp\/v2\/tools\/509297","targetHints":{"allow":["GET"]}}],"collection":[{"href":"https:\/\/belux.edmo.eu\/fr\/wp-json\/wp\/v2\/tools"}],"about":[{"href":"https:\/\/belux.edmo.eu\/fr\/wp-json\/wp\/v2\/types\/tools"}],"wp:featuredmedia":[{"embeddable":true,"href":"https:\/\/belux.edmo.eu\/fr\/wp-json\/wp\/v2\/media\/509298"}],"wp:attachment":[{"href":"https:\/\/belux.edmo.eu\/fr\/wp-json\/wp\/v2\/media?parent=509297"}],"curies":[{"name":"wp","href":"https:\/\/api.w.org\/{rel}","templated":true}]}}

#10 L’esclandre anti-EVRAS : comprendre la communication réactionnaire

<div class="wpb-content-wrapper"><p>[vc_row][vc_column][vc_column_text css= » »]En septembre 2023, un accord de coopération sur l’EVRAS (l’éducation à la vie affective relationnelle et sexuelle) dans l’enseignement obligatoire entre en vigueur. Suite à l’adoption de ce texte de nombreuses fausses informations, inquiétudes et paniques ont circulé sur WhatsApp et d’autres réseaux sociaux. Face à ces lectures réactionnaires (basées sur des lectures biaisées), comment s’est organisée la communication en ligne et hors-ligne de ces groupes hostiles à ce texte ?[/vc_column_text][/vc_column][/vc_row]</p>
</div>

Désinfo Éduc

<!-- This site is optimized with the Yoast SEO plugin v27.0 - https://yoast.com/product/yoast-seo-wordpress/ -->
<title>#10 L’esclandre anti-EVRAS : comprendre la communication réactionnaire - EDMO Belux</title>
<meta name="robots" content="index, follow, max-snippet:-1, max-image-preview:large, max-video-preview:-1" />
<link rel="canonical" href="https://belux.edmo.eu/fr/tools/10-the-anti-evras-scandal-understanding-reactionary-communication/" />
<meta property="og:locale" content="fr_FR" />
<meta property="og:type" content="article" />
<meta property="og:title" content="#10 L’esclandre anti-EVRAS : comprendre la communication réactionnaire - EDMO Belux" />
<meta property="og:description" content="[vc_row][vc_column][vc_column_text css= » »]En septembre 2023, un accord de coopération sur l’EVRAS (l’éducation à la vie affective relationnelle et sexuelle) dans l’enseignement..." />
<meta property="og:url" content="https://belux.edmo.eu/fr/tools/10-the-anti-evras-scandal-understanding-reactionary-communication/" />
<meta property="og:site_name" content="EDMO Belux" />
<meta property="article:modified_time" content="2026-03-05T10:24:15+00:00" />
<meta property="og:image" content="https://belux-edmo.s3-accelerate.amazonaws.com/wp-content/uploads/2026/03/rZlDR2dx-10-anti-evras.jpg" />
	<meta property="og:image:width" content="800" />
	<meta property="og:image:height" content="800" />
	<meta property="og:image:type" content="image/jpeg" />
<meta name="twitter:card" content="summary_large_image" />
<meta name="twitter:site" content="@Edmo_Belux" />
<meta name="twitter:label1" content="Durée de lecture estimée" />
	<meta name="twitter:data1" content="1 minute" />
<script type="application/ld+json" class="yoast-schema-graph">{"@context":"https://schema.org","@graph":[{"@type":"WebPage","@id":"https://belux.edmo.eu/fr/tools/10-the-anti-evras-scandal-understanding-reactionary-communication/","url":"https://belux.edmo.eu/fr/tools/10-the-anti-evras-scandal-understanding-reactionary-communication/","name":"#10 L’esclandre anti-EVRAS : comprendre la communication réactionnaire - EDMO Belux","isPartOf":{"@id":"https://belux.edmo.eu/#website"},"primaryImageOfPage":{"@id":"https://belux.edmo.eu/fr/tools/10-the-anti-evras-scandal-understanding-reactionary-communication/#primaryimage"},"image":{"@id":"https://belux.edmo.eu/fr/tools/10-the-anti-evras-scandal-understanding-reactionary-communication/#primaryimage"},"thumbnailUrl":"https://belux-edmo.s3-accelerate.amazonaws.com/wp-content/uploads/2026/03/rZlDR2dx-10-anti-evras.jpg","datePublished":"2026-03-02T11:23:07+00:00","dateModified":"2026-03-05T10:24:15+00:00","breadcrumb":{"@id":"https://belux.edmo.eu/fr/tools/10-the-anti-evras-scandal-understanding-reactionary-communication/#breadcrumb"},"inLanguage":"fr-FR","potentialAction":[{"@type":"ReadAction","target":["https://belux.edmo.eu/fr/tools/10-the-anti-evras-scandal-understanding-reactionary-communication/"]}]},{"@type":"ImageObject","inLanguage":"fr-FR","@id":"https://belux.edmo.eu/fr/tools/10-the-anti-evras-scandal-understanding-reactionary-communication/#primaryimage","url":"https://belux-edmo.s3-accelerate.amazonaws.com/wp-content/uploads/2026/03/rZlDR2dx-10-anti-evras.jpg","contentUrl":"https://belux-edmo.s3-accelerate.amazonaws.com/wp-content/uploads/2026/03/rZlDR2dx-10-anti-evras.jpg","width":800,"height":800},{"@type":"BreadcrumbList","@id":"https://belux.edmo.eu/fr/tools/10-the-anti-evras-scandal-understanding-reactionary-communication/#breadcrumb","itemListElement":[{"@type":"ListItem","position":1,"name":"Home","item":"https://belux.edmo.eu/fr/"},{"@type":"ListItem","position":2,"name":"#10 L’esclandre anti-EVRAS : comprendre la communication réactionnaire"}]},{"@type":"WebSite","@id":"https://belux.edmo.eu/#website","url":"https://belux.edmo.eu/","name":"EDMO Belux","description":"Monitoring Disinformation in Belgium and Luxembourg","publisher":{"@id":"https://belux.edmo.eu/#organization"},"potentialAction":[{"@type":"SearchAction","target":{"@type":"EntryPoint","urlTemplate":"https://belux.edmo.eu/?s={search_term_string}"},"query-input":{"@type":"PropertyValueSpecification","valueRequired":true,"valueName":"search_term_string"}}],"inLanguage":"fr-FR"},{"@type":"Organization","@id":"https://belux.edmo.eu/#organization","name":"EDMO Belux","url":"https://belux.edmo.eu/","logo":{"@type":"ImageObject","inLanguage":"fr-FR","@id":"https://belux.edmo.eu/#/schema/logo/image/","url":"https://belux.edmo.eu/wp-content/uploads/2021/12/belux-logo-full-color-rgb.svg","contentUrl":"https://belux.edmo.eu/wp-content/uploads/2021/12/belux-logo-full-color-rgb.svg","width":1,"height":1,"caption":"EDMO Belux"},"image":{"@id":"https://belux.edmo.eu/#/schema/logo/image/"},"sameAs":["https://x.com/Edmo_Belux"]}]}</script>
<!-- / Yoast SEO plugin. -->

#10 L’esclandre anti-EVRAS : comprendre la communication réactionnaire - EDMO Belux

[vc_row][vc_column][vc_column_text css= » »]En septembre 2023, un accord de coopération sur l’EVRAS (l’éducation à la vie affective relationnelle et sexuelle) dans l’enseignement...
