{"id":509315,"date":"2026-03-02T11:26:42","date_gmt":"2026-03-02T11:26:42","guid":{"rendered":"https:\/\/belux.edmo.eu\/tools\/13-how-to-discuss-a-conspiracy-theory-video\/"},"modified":"2026-03-05T10:40:29","modified_gmt":"2026-03-05T10:40:29","slug":"13-how-to-discuss-a-conspiracy-theory-video","status":"publish","type":"tools","link":"https:\/\/belux.edmo.eu\/fr\/tools\/13-how-to-discuss-a-conspiracy-theory-video\/","title":{"rendered":"#13 Comment dialoguer autour d\u2019une vid\u00e9o complotiste ?"},"content":{"rendered":"<div class=\"wpb-content-wrapper\"><p>[vc_row][vc_column][vc_column_text css=\u00a0\u00bb\u00a0\u00bb]Dans l\u2019une de ses vid\u00e9o, Oussama Ammar affirme que la corruption est g\u00e9n\u00e9ralis\u00e9e dans l\u2019administration am\u00e9ricaine, validant \u00ab les th\u00e8ses des complotistes depuis 10 ans \u00bb. Que faire face \u00e0 ce type de discours ?[\/vc_column_text][\/vc_column][\/vc_row]<\/p>\n<\/div>","protected":false},"featured_media":509317,"parent":0,"template":"","meta":{"_acf_changed":false},"class_list":["post-509315","tools","type-tools","status-publish","has-post-thumbnail"],"acf":{"subtitle":"D\u00e9sinfo \u00c9duc","disclaimer":"","tool_link":"https:\/\/desinfo.education\/outil\/comment-dialoguer-autour-dune-video-complotiste-13\/"},"yoast_head":"<!-- This site is optimized with the Yoast SEO plugin v27.0 - https:\/\/yoast.com\/product\/yoast-seo-wordpress\/ -->\n<title>#13 Comment dialoguer autour d\u2019une vid\u00e9o complotiste ? - EDMO Belux<\/title>\n<meta name=\"robots\" content=\"index, follow, max-snippet:-1, max-image-preview:large, max-video-preview:-1\" \/>\n<link rel=\"canonical\" href=\"https:\/\/belux.edmo.eu\/fr\/tools\/13-how-to-discuss-a-conspiracy-theory-video\/\" \/>\n<meta property=\"og:locale\" content=\"fr_FR\" \/>\n<meta property=\"og:type\" content=\"article\" \/>\n<meta property=\"og:title\" content=\"#13 Comment dialoguer autour d\u2019une vid\u00e9o complotiste ? - EDMO Belux\" \/>\n<meta property=\"og:description\" content=\"[vc_row][vc_column][vc_column_text css=\u00a0\u00bb\u00a0\u00bb]Dans l\u2019une de ses vid\u00e9o, Oussama Ammar affirme que la corruption est g\u00e9n\u00e9ralis\u00e9e dans l\u2019administration am\u00e9ricaine, validant \u00ab les...\" \/>\n<meta property=\"og:url\" content=\"https:\/\/belux.edmo.eu\/fr\/tools\/13-how-to-discuss-a-conspiracy-theory-video\/\" \/>\n<meta property=\"og:site_name\" content=\"EDMO Belux\" \/>\n<meta property=\"article:modified_time\" content=\"2026-03-05T10:40:29+00:00\" \/>\n<meta property=\"og:image\" content=\"https:\/\/belux-edmo.s3-accelerate.amazonaws.com\/wp-content\/uploads\/2026\/03\/8ddHjsSm-13-conspiracy-theory.jpg\" \/>\n\t<meta property=\"og:image:width\" content=\"800\" \/>\n\t<meta property=\"og:image:height\" content=\"800\" \/>\n\t<meta property=\"og:image:type\" content=\"image\/jpeg\" \/>\n<meta name=\"twitter:card\" content=\"summary_large_image\" \/>\n<meta name=\"twitter:site\" content=\"@Edmo_Belux\" \/>\n<meta name=\"twitter:label1\" content=\"Dur\u00e9e de lecture estim\u00e9e\" \/>\n\t<meta name=\"twitter:data1\" content=\"1 minute\" \/>\n<script type=\"application\/ld+json\" class=\"yoast-schema-graph\">{\"@context\":\"https:\/\/schema.org\",\"@graph\":[{\"@type\":\"WebPage\",\"@id\":\"https:\/\/belux.edmo.eu\/fr\/tools\/13-how-to-discuss-a-conspiracy-theory-video\/\",\"url\":\"https:\/\/belux.edmo.eu\/fr\/tools\/13-how-to-discuss-a-conspiracy-theory-video\/\",\"name\":\"#13 Comment dialoguer autour d\u2019une vid\u00e9o complotiste ? - EDMO Belux\",\"isPartOf\":{\"@id\":\"https:\/\/belux.edmo.eu\/#website\"},\"primaryImageOfPage\":{\"@id\":\"https:\/\/belux.edmo.eu\/fr\/tools\/13-how-to-discuss-a-conspiracy-theory-video\/#primaryimage\"},\"image\":{\"@id\":\"https:\/\/belux.edmo.eu\/fr\/tools\/13-how-to-discuss-a-conspiracy-theory-video\/#primaryimage\"},\"thumbnailUrl\":\"https:\/\/belux-edmo.s3-accelerate.amazonaws.com\/wp-content\/uploads\/2026\/03\/8ddHjsSm-13-conspiracy-theory.jpg\",\"datePublished\":\"2026-03-02T11:26:42+00:00\",\"dateModified\":\"2026-03-05T10:40:29+00:00\",\"breadcrumb\":{\"@id\":\"https:\/\/belux.edmo.eu\/fr\/tools\/13-how-to-discuss-a-conspiracy-theory-video\/#breadcrumb\"},\"inLanguage\":\"fr-FR\",\"potentialAction\":[{\"@type\":\"ReadAction\",\"target\":[\"https:\/\/belux.edmo.eu\/fr\/tools\/13-how-to-discuss-a-conspiracy-theory-video\/\"]}]},{\"@type\":\"ImageObject\",\"inLanguage\":\"fr-FR\",\"@id\":\"https:\/\/belux.edmo.eu\/fr\/tools\/13-how-to-discuss-a-conspiracy-theory-video\/#primaryimage\",\"url\":\"https:\/\/belux-edmo.s3-accelerate.amazonaws.com\/wp-content\/uploads\/2026\/03\/8ddHjsSm-13-conspiracy-theory.jpg\",\"contentUrl\":\"https:\/\/belux-edmo.s3-accelerate.amazonaws.com\/wp-content\/uploads\/2026\/03\/8ddHjsSm-13-conspiracy-theory.jpg\",\"width\":800,\"height\":800},{\"@type\":\"BreadcrumbList\",\"@id\":\"https:\/\/belux.edmo.eu\/fr\/tools\/13-how-to-discuss-a-conspiracy-theory-video\/#breadcrumb\",\"itemListElement\":[{\"@type\":\"ListItem\",\"position\":1,\"name\":\"Home\",\"item\":\"https:\/\/belux.edmo.eu\/fr\/\"},{\"@type\":\"ListItem\",\"position\":2,\"name\":\"#13 Comment dialoguer autour d\u2019une vid\u00e9o complotiste ?\"}]},{\"@type\":\"WebSite\",\"@id\":\"https:\/\/belux.edmo.eu\/#website\",\"url\":\"https:\/\/belux.edmo.eu\/\",\"name\":\"EDMO Belux\",\"description\":\"Monitoring Disinformation in Belgium and Luxembourg\",\"publisher\":{\"@id\":\"https:\/\/belux.edmo.eu\/#organization\"},\"potentialAction\":[{\"@type\":\"SearchAction\",\"target\":{\"@type\":\"EntryPoint\",\"urlTemplate\":\"https:\/\/belux.edmo.eu\/?s={search_term_string}\"},\"query-input\":{\"@type\":\"PropertyValueSpecification\",\"valueRequired\":true,\"valueName\":\"search_term_string\"}}],\"inLanguage\":\"fr-FR\"},{\"@type\":\"Organization\",\"@id\":\"https:\/\/belux.edmo.eu\/#organization\",\"name\":\"EDMO Belux\",\"url\":\"https:\/\/belux.edmo.eu\/\",\"logo\":{\"@type\":\"ImageObject\",\"inLanguage\":\"fr-FR\",\"@id\":\"https:\/\/belux.edmo.eu\/#\/schema\/logo\/image\/\",\"url\":\"https:\/\/belux.edmo.eu\/wp-content\/uploads\/2021\/12\/belux-logo-full-color-rgb.svg\",\"contentUrl\":\"https:\/\/belux.edmo.eu\/wp-content\/uploads\/2021\/12\/belux-logo-full-color-rgb.svg\",\"width\":1,\"height\":1,\"caption\":\"EDMO Belux\"},\"image\":{\"@id\":\"https:\/\/belux.edmo.eu\/#\/schema\/logo\/image\/\"},\"sameAs\":[\"https:\/\/x.com\/Edmo_Belux\"]}]}<\/script>\n<!-- \/ Yoast SEO plugin. -->","yoast_head_json":{"title":"#13 Comment dialoguer autour d\u2019une vid\u00e9o complotiste ? - EDMO Belux","robots":{"index":"index","follow":"follow","max-snippet":"max-snippet:-1","max-image-preview":"max-image-preview:large","max-video-preview":"max-video-preview:-1"},"canonical":"https:\/\/belux.edmo.eu\/fr\/tools\/13-how-to-discuss-a-conspiracy-theory-video\/","og_locale":"fr_FR","og_type":"article","og_title":"#13 Comment dialoguer autour d\u2019une vid\u00e9o complotiste ? - EDMO Belux","og_description":"[vc_row][vc_column][vc_column_text css=\u00a0\u00bb\u00a0\u00bb]Dans l\u2019une de ses vid\u00e9o, Oussama Ammar affirme que la corruption est g\u00e9n\u00e9ralis\u00e9e dans l\u2019administration am\u00e9ricaine, validant \u00ab les...","og_url":"https:\/\/belux.edmo.eu\/fr\/tools\/13-how-to-discuss-a-conspiracy-theory-video\/","og_site_name":"EDMO Belux","article_modified_time":"2026-03-05T10:40:29+00:00","og_image":[{"width":800,"height":800,"url":"https:\/\/belux-edmo.s3-accelerate.amazonaws.com\/wp-content\/uploads\/2026\/03\/8ddHjsSm-13-conspiracy-theory.jpg","type":"image\/jpeg"}],"twitter_card":"summary_large_image","twitter_site":"@Edmo_Belux","twitter_misc":{"Dur\u00e9e de lecture estim\u00e9e":"1 minute"},"schema":{"@context":"https:\/\/schema.org","@graph":[{"@type":"WebPage","@id":"https:\/\/belux.edmo.eu\/fr\/tools\/13-how-to-discuss-a-conspiracy-theory-video\/","url":"https:\/\/belux.edmo.eu\/fr\/tools\/13-how-to-discuss-a-conspiracy-theory-video\/","name":"#13 Comment dialoguer autour d\u2019une vid\u00e9o complotiste ? - EDMO Belux","isPartOf":{"@id":"https:\/\/belux.edmo.eu\/#website"},"primaryImageOfPage":{"@id":"https:\/\/belux.edmo.eu\/fr\/tools\/13-how-to-discuss-a-conspiracy-theory-video\/#primaryimage"},"image":{"@id":"https:\/\/belux.edmo.eu\/fr\/tools\/13-how-to-discuss-a-conspiracy-theory-video\/#primaryimage"},"thumbnailUrl":"https:\/\/belux-edmo.s3-accelerate.amazonaws.com\/wp-content\/uploads\/2026\/03\/8ddHjsSm-13-conspiracy-theory.jpg","datePublished":"2026-03-02T11:26:42+00:00","dateModified":"2026-03-05T10:40:29+00:00","breadcrumb":{"@id":"https:\/\/belux.edmo.eu\/fr\/tools\/13-how-to-discuss-a-conspiracy-theory-video\/#breadcrumb"},"inLanguage":"fr-FR","potentialAction":[{"@type":"ReadAction","target":["https:\/\/belux.edmo.eu\/fr\/tools\/13-how-to-discuss-a-conspiracy-theory-video\/"]}]},{"@type":"ImageObject","inLanguage":"fr-FR","@id":"https:\/\/belux.edmo.eu\/fr\/tools\/13-how-to-discuss-a-conspiracy-theory-video\/#primaryimage","url":"https:\/\/belux-edmo.s3-accelerate.amazonaws.com\/wp-content\/uploads\/2026\/03\/8ddHjsSm-13-conspiracy-theory.jpg","contentUrl":"https:\/\/belux-edmo.s3-accelerate.amazonaws.com\/wp-content\/uploads\/2026\/03\/8ddHjsSm-13-conspiracy-theory.jpg","width":800,"height":800},{"@type":"BreadcrumbList","@id":"https:\/\/belux.edmo.eu\/fr\/tools\/13-how-to-discuss-a-conspiracy-theory-video\/#breadcrumb","itemListElement":[{"@type":"ListItem","position":1,"name":"Home","item":"https:\/\/belux.edmo.eu\/fr\/"},{"@type":"ListItem","position":2,"name":"#13 Comment dialoguer autour d\u2019une vid\u00e9o complotiste ?"}]},{"@type":"WebSite","@id":"https:\/\/belux.edmo.eu\/#website","url":"https:\/\/belux.edmo.eu\/","name":"EDMO Belux","description":"Monitoring Disinformation in Belgium and Luxembourg","publisher":{"@id":"https:\/\/belux.edmo.eu\/#organization"},"potentialAction":[{"@type":"SearchAction","target":{"@type":"EntryPoint","urlTemplate":"https:\/\/belux.edmo.eu\/?s={search_term_string}"},"query-input":{"@type":"PropertyValueSpecification","valueRequired":true,"valueName":"search_term_string"}}],"inLanguage":"fr-FR"},{"@type":"Organization","@id":"https:\/\/belux.edmo.eu\/#organization","name":"EDMO Belux","url":"https:\/\/belux.edmo.eu\/","logo":{"@type":"ImageObject","inLanguage":"fr-FR","@id":"https:\/\/belux.edmo.eu\/#\/schema\/logo\/image\/","url":"https:\/\/belux.edmo.eu\/wp-content\/uploads\/2021\/12\/belux-logo-full-color-rgb.svg","contentUrl":"https:\/\/belux.edmo.eu\/wp-content\/uploads\/2021\/12\/belux-logo-full-color-rgb.svg","width":1,"height":1,"caption":"EDMO Belux"},"image":{"@id":"https:\/\/belux.edmo.eu\/#\/schema\/logo\/image\/"},"sameAs":["https:\/\/x.com\/Edmo_Belux"]}]}},"_links":{"self":[{"href":"https:\/\/belux.edmo.eu\/fr\/wp-json\/wp\/v2\/tools\/509315","targetHints":{"allow":["GET"]}}],"collection":[{"href":"https:\/\/belux.edmo.eu\/fr\/wp-json\/wp\/v2\/tools"}],"about":[{"href":"https:\/\/belux.edmo.eu\/fr\/wp-json\/wp\/v2\/types\/tools"}],"wp:featuredmedia":[{"embeddable":true,"href":"https:\/\/belux.edmo.eu\/fr\/wp-json\/wp\/v2\/media\/509317"}],"wp:attachment":[{"href":"https:\/\/belux.edmo.eu\/fr\/wp-json\/wp\/v2\/media?parent=509315"}],"curies":[{"name":"wp","href":"https:\/\/api.w.org\/{rel}","templated":true}]}}

#13 Comment dialoguer autour d’une vidéo complotiste ?

<div class="wpb-content-wrapper"><p>[vc_row][vc_column][vc_column_text css= » »]Dans l’une de ses vidéo, Oussama Ammar affirme que la corruption est généralisée dans l’administration américaine, validant « les thèses des complotistes depuis 10 ans ». Que faire face à ce type de discours ?[/vc_column_text][/vc_column][/vc_row]</p>
</div>

Désinfo Éduc

<!-- This site is optimized with the Yoast SEO plugin v27.0 - https://yoast.com/product/yoast-seo-wordpress/ -->
<title>#13 Comment dialoguer autour d’une vidéo complotiste ? - EDMO Belux</title>
<meta name="robots" content="index, follow, max-snippet:-1, max-image-preview:large, max-video-preview:-1" />
<link rel="canonical" href="https://belux.edmo.eu/fr/tools/13-how-to-discuss-a-conspiracy-theory-video/" />
<meta property="og:locale" content="fr_FR" />
<meta property="og:type" content="article" />
<meta property="og:title" content="#13 Comment dialoguer autour d’une vidéo complotiste ? - EDMO Belux" />
<meta property="og:description" content="[vc_row][vc_column][vc_column_text css= » »]Dans l’une de ses vidéo, Oussama Ammar affirme que la corruption est généralisée dans l’administration américaine, validant « les..." />
<meta property="og:url" content="https://belux.edmo.eu/fr/tools/13-how-to-discuss-a-conspiracy-theory-video/" />
<meta property="og:site_name" content="EDMO Belux" />
<meta property="article:modified_time" content="2026-03-05T10:40:29+00:00" />
<meta property="og:image" content="https://belux-edmo.s3-accelerate.amazonaws.com/wp-content/uploads/2026/03/8ddHjsSm-13-conspiracy-theory.jpg" />
	<meta property="og:image:width" content="800" />
	<meta property="og:image:height" content="800" />
	<meta property="og:image:type" content="image/jpeg" />
<meta name="twitter:card" content="summary_large_image" />
<meta name="twitter:site" content="@Edmo_Belux" />
<meta name="twitter:label1" content="Durée de lecture estimée" />
	<meta name="twitter:data1" content="1 minute" />
<script type="application/ld+json" class="yoast-schema-graph">{"@context":"https://schema.org","@graph":[{"@type":"WebPage","@id":"https://belux.edmo.eu/fr/tools/13-how-to-discuss-a-conspiracy-theory-video/","url":"https://belux.edmo.eu/fr/tools/13-how-to-discuss-a-conspiracy-theory-video/","name":"#13 Comment dialoguer autour d’une vidéo complotiste ? - EDMO Belux","isPartOf":{"@id":"https://belux.edmo.eu/#website"},"primaryImageOfPage":{"@id":"https://belux.edmo.eu/fr/tools/13-how-to-discuss-a-conspiracy-theory-video/#primaryimage"},"image":{"@id":"https://belux.edmo.eu/fr/tools/13-how-to-discuss-a-conspiracy-theory-video/#primaryimage"},"thumbnailUrl":"https://belux-edmo.s3-accelerate.amazonaws.com/wp-content/uploads/2026/03/8ddHjsSm-13-conspiracy-theory.jpg","datePublished":"2026-03-02T11:26:42+00:00","dateModified":"2026-03-05T10:40:29+00:00","breadcrumb":{"@id":"https://belux.edmo.eu/fr/tools/13-how-to-discuss-a-conspiracy-theory-video/#breadcrumb"},"inLanguage":"fr-FR","potentialAction":[{"@type":"ReadAction","target":["https://belux.edmo.eu/fr/tools/13-how-to-discuss-a-conspiracy-theory-video/"]}]},{"@type":"ImageObject","inLanguage":"fr-FR","@id":"https://belux.edmo.eu/fr/tools/13-how-to-discuss-a-conspiracy-theory-video/#primaryimage","url":"https://belux-edmo.s3-accelerate.amazonaws.com/wp-content/uploads/2026/03/8ddHjsSm-13-conspiracy-theory.jpg","contentUrl":"https://belux-edmo.s3-accelerate.amazonaws.com/wp-content/uploads/2026/03/8ddHjsSm-13-conspiracy-theory.jpg","width":800,"height":800},{"@type":"BreadcrumbList","@id":"https://belux.edmo.eu/fr/tools/13-how-to-discuss-a-conspiracy-theory-video/#breadcrumb","itemListElement":[{"@type":"ListItem","position":1,"name":"Home","item":"https://belux.edmo.eu/fr/"},{"@type":"ListItem","position":2,"name":"#13 Comment dialoguer autour d’une vidéo complotiste ?"}]},{"@type":"WebSite","@id":"https://belux.edmo.eu/#website","url":"https://belux.edmo.eu/","name":"EDMO Belux","description":"Monitoring Disinformation in Belgium and Luxembourg","publisher":{"@id":"https://belux.edmo.eu/#organization"},"potentialAction":[{"@type":"SearchAction","target":{"@type":"EntryPoint","urlTemplate":"https://belux.edmo.eu/?s={search_term_string}"},"query-input":{"@type":"PropertyValueSpecification","valueRequired":true,"valueName":"search_term_string"}}],"inLanguage":"fr-FR"},{"@type":"Organization","@id":"https://belux.edmo.eu/#organization","name":"EDMO Belux","url":"https://belux.edmo.eu/","logo":{"@type":"ImageObject","inLanguage":"fr-FR","@id":"https://belux.edmo.eu/#/schema/logo/image/","url":"https://belux.edmo.eu/wp-content/uploads/2021/12/belux-logo-full-color-rgb.svg","contentUrl":"https://belux.edmo.eu/wp-content/uploads/2021/12/belux-logo-full-color-rgb.svg","width":1,"height":1,"caption":"EDMO Belux"},"image":{"@id":"https://belux.edmo.eu/#/schema/logo/image/"},"sameAs":["https://x.com/Edmo_Belux"]}]}</script>
<!-- / Yoast SEO plugin. -->

#13 Comment dialoguer autour d’une vidéo complotiste ? - EDMO Belux

[vc_row][vc_column][vc_column_text css= » »]Dans l’une de ses vidéo, Oussama Ammar affirme que la corruption est généralisée dans l’administration américaine, validant « les...
